01 (base 4) to base 15
23
25 (base 6) to base 15
12
Convert -10 (base 13) to base 12.
-11
14 (base 7) to base 9
12
17 (base 10) to base 6
25
-12 (base 10) to base 4
-30
What is 46 (base 8) in base 4?
212
Convert 4 (base 12) to base 8.
4
What is -4 (base 9) in base 5?
-4
50 (base 7) to base 16
23
What is 48 (base 14) in base 7?
121
What is 2 (base 4) in base 15?
2
Convert 14 (base 7) to base 11.
10
What is -13 (base 4) in base 3?
-21
Convert -244 (base 7) to base 3.
-11211
Convert -2 (base 8) to base 9.
-2
Convert -7 (base 16) to base 4.
-13
-1 (base 15) to base 2
-1
Convert -2 (base 9) to base 3.
-2
Convert 2 (base 3) to base 15.
2
Convert -400 (base 7) to base 4.
-3010
What is -38 (base 9) in base 8?
-43
Convert -44 (base 13) to base 5.
-211
-1 (base 15) to base 6
-1
What is -32 (base 9) in base 11?
-27
What is 5 (base 16) in base 12?
5
34 (base 5) to base 14
15
-a (base 14) to base 11
-a
What is -1 (base 6) in base 7?
-1
Convert 423 (base 7) to base 3.
21220
What is -18 (base 16) in base 9?
-26
What is 66 (base 10) in base 11?
60
Convert -14 (base 5) to base 16.
-9
What is -2021 (base 3) in base 10?
-61
Convert 436 (base 7) to base 3.
22021
Convert -33 (base 7) to base 13.
-1b
1 (base 13) to base 9
1
What is 25 (base 6) in base 4?
101
What is -8 (base 9) in base 8?
-10
Convert 1 (base 16) to base 3.
1
-15 (base 16) to base 2
-10101
What is -2 (base 4) in base 8?
-2
Convert a4 (base 14) to base 2.
10010000
-19 (base 15) to base 3
-220
Convert -19 (base 10) to base 8.
-23
Convert -a (base 11) to base 6.
-14
Convert -11 (base 4) to base 15.
-5
What is 27 (base 16) in base 7?
54
Convert -3 (base 6) to base 11.
-3
-341 (base 5) to base 4
-1200
What is 20 (base 3) in base 8?
6
What is 7 (base 10) in base 16?
7
-54 (base 16) to base 11
-77
1022 (base 4) to base 10
74
33 (base 12) to base 7
54
Convert -211 (base 3) to base 16.
-16
What is 136 (base 7) in base 6?
204
Convert -43 (base 5) to base 6.
-35
-5 (base 13) to base 10
-5
What is 0 (base 2) in base 8?
0
What is 41 (base 9) in base 4?
211
What is 5c (base 13) in base 14?
57
What is -210 (base 4) in base 10?
-36
5 (base 14) to base 15
5
What is 1212 (base 3) in base 9?
55
What is -110 (base 4) in base 3?
-202
30 (base 13) to base 12
33
Convert -2 (base 10) to base 8.
-2
What is 11 (base 6) in base 12?
7
What is -1000001 (base 2) in base 15?
-45
Convert -3 (base 5) to base 8.
-3
What is -d (base 16) in base 11?
-12
Convert 39 (base 15) to base 5.
204
Convert 0 (base 7) to base 11.
0
54 (base 8) to base 14
32
-1 (base 15) to base 2
-1
What is -5 (base 11) in base 16?
-5
-10 (base 3) to base 6
-3
Convert -6 (base 13) to base 11.
-6
Convert 200 (base 6) to base 11.
66
Convert -11 (base 9) to base 5.
-20
Convert -2 (base 14) to base 2.
-10
Convert 263 (base 9) to base 8.
333
6 (base 14) to base 5
11
Convert -11211 (base 3) to base 16.
-82
What is -301 (base 7) in base 8?
-224
-22 (base 8) to base 11
-17
-10 (base 2) to base 7
-2
Convert 8 (base 16) to base 3.
22
-50 (base 7) to base 8
-43
What is -2 (base 10) in base 13?
-2
2 (base 16) to base 11
2
What is -11 (base 4) in base 8?
-5
Convert -53 (base 13) to base 8.
-104
-2 (base 12) to base 10
-2
What is 13 (base 16) in base 14?
15
Convert 28 (base 13) to base 8.
42
-13 (base 12) to base 10
-15
-4 (base 16) to base 14
-4
What is 12 (base 6) in base 5?
13
4 (base 14) to base 10
4
Convert 0 (base 10) to base 11.
0
Convert 20 (base 5) to base 13.
a
What is -11 (base 2) in base 16?
-3
Convert -13 (base 9) to base 15.
-c
What is -4 (base 15) in base 12?
-4
Convert b (base 15) to base 7.
14
-7 (base 13) to base 16
-7
What is 206 (base 11) in base 3?
100012
What is -3 (base 10) in base 12?
-3
-1131 (base 4) to base 13
-72
5 (base 13) to base 8
5
Convert 81 (base 14) to base 7.
221
-4 (base 6) to base 4
-10
What is 543 (base 7) in base 14?
15a
What is -39 (base 15) in base 16?
-36
What is -5 (base 12) in base 4?
-11
Convert c (base 13) to base 12.
10
What is 100 (base 3) in base 9?
10
What is 3230 (base 4) in base 15?
10b
1 (base 15) to base 11
1
Convert -11 (base 14) to base 5.
-30
Convert -5 (base 16) to base 5.
-10
-2021 (base 3) to base 2
-111101
Convert 226 (base 11) to base 3.
101000
21 (base 11) to base 8
27
Convert 341 (base 6) to base 11.
111
Convert 37 (base 8) to base 15.
21
What is 6 (base 8) in base 15?
6
Convert -12022 (base 3) to base 14.
-a3
Convert 9 (base 10) to base 13.
9
-1010 (base 3) to base 2
-11110
What is -224 (base 7) in base 8?
-164
0 (base 4) to base 2
0
-1011 (base 2) to base 8
-13
Convert -12 (base 6) to base 14.
-8
Convert -1100 (base 2) to base 5.
-22
-7 (base 9) to base 15
-7
-2 (base 6) to base 10
-2
1321 (base 5) to base 4
3103
1d (base 14) to base 8
33
Convert 21 (base 3) to base 5.
12
134 (base 7) to base 10
74
Convert 2 (base 7) to base 16.
2
0 (base 10) to base 15
0
Convert -22 (base 11) to base 5.
-44
-434 (base 9) to base 2
-101100011
What is 37 (base 10) in base 11?
34
Convert 133 (base 4) to base 7.
43
210 (base 8) to base 11
114
46 (base 7) to base 6
54
Convert -233 (base 9) to base 8.
-300
What is 2 (base 15) in base 7?
2
What is -1 (base 16) in base 15?
-1
What is -40 (base 9) in base 14?
-28
15 (base 6) to base 2
1011
-1010 (base 3) to base 9
-33
Convert 2111 (base 3) to base 9.
74
What is -54 (base 6) in base 11?
-31
What is 2 (base 7) in base 3?
2
9 (base 16) to base 3
100
-20 (base 6) to base 11
-11
What is -1 (base 16) in base 13?
-1
-1 (base 14) to base 2
-1
124 (base 6) to base 11
48
Convert -1 (base 5) to base 7.
-1
Convert -2 (base 8) to base 12.
-2
Convert -13 (base 9) to base 5.
-22
Convert a (base 12) to base 8.
12
Convert 45 (base 9) to base 12.
35
-21 (base 3) to base 14
-7
Convert 18 (base 10) to base 3.
200
Convert 11 (base 6) to base 5.
12
Convert -20 (base 6) to base 10.
-12
What is 31 (base 9) in base 3?
1001
27 (base 16) to base 11
36
What is 1a (base 11) in base 13?
18
-6 (base 15) to base 3
-20
-9 (base 15) to base 3
-100
What is 100 (base 2) in base 12?
4
Convert -13d (base 16) to base 3.
-102202
What is 12 (base 9) in base 6?
15
What is 31 (base 13) in base 8?
50
Convert -100 (base 2) to base 11.
-4
-34 (base 7) to base 3
-221
Convert -10 (base 4) to base 16.
-4
Convert -133 (base 5) to base 6.
-111
Convert -18 (base 11) to base 9.
-21
Convert 64 (base 12) to base 14.
56
What is 10101010 (base 2) in base 16?
aa
What is -1126 (base 7) in base 14?
-216
Convert 5 (base 9) to base 16.
5
Convert 136 (base 7) to base 13.
5b
-2 (base 12) to base 5
-2
-10011 (base 2) to base 5
-34
Convert -5 (base 15) to base 6.
-5
What is -232 (base 4) in base 6?
-114
What is 20 (base 6) in base 4?
30
Convert -3 (base 9) to base 2.
-11
-63 (base 9) to base 13
-45
Convert 9 (base 16) to base 10.
9
Convert 212 (base 4) to base 2.
100110
-a6 (base 12) to base 14
-90
Convert 2 (base 5) to base 15.
2
What is -10012 (base 3) in base 8?
-126
Convert 4 (base 9) to base 6.
4
What is 4 (base 13) in base 9?
4
Convert -13 (base 8) to base 10.
-11
21 (base 4) to base 2
1001
-32 (base 5) to base 11
-16
2 (base 4) to base 8
2
What is 11 (base 2) in base 7?
3
-12 (base 11) to base 3
-111
2 (base 5) to base 16
2
Convert -3 (base 11) to base 7.
-3
3 (base 16) to base 7
3
Convert -102 (base 3) to base 7.
-14
34 (base 14) to base 4
232
Convert -33 (base 4) to base 10.
-15
Convert -2 (base 3) to base 10.
-2
1 (base 5) to base 2
1
What is 180 (base 9) in base 4?
2121
What is -4 (base 6) in base 13?
-4
What is -41 (base 13) in base 10?
-53
Convert 1013 (base 6) to base 4.
3201
Convert -341 (base 5) to base 7.
-165
Convert -6 (base 12) to base 15.
-6
Convert 55 (base 6) to base 7.
50
Convert 19 (base 13) to base 3.
211
c (base 16) to base 6
20
Convert -66 (base 15) to base 11.
-88
What is 11 (base 4) in base 12?
5
What is -43 (base 8) in base 16?
-23
What is 2 (base 5) in base 9?
2
What is 1021 (base 3) in base 9?
37
What is 3 (base 5) in base 13?
3
Convert 10 (base 6) to base 12.
6
-4 (base 9) to base 10
-4
What is -28 (base 14) in base 16?
-24
What is 2 (base 10) in base 3?
2
What is 3 (base 10) in base 14?
3
What is 2 (base 9) in base 12?
2
What is -10022 (base 3) in base 4?
-1121
-101 (base 8) to base 2
-1000001
Convert -42 (base 9) to base 15.
-28
Convert -11 (base 4) to base 16.
-5
What is 4 (base 10) in base 12?
4
Convert 1 